 = -2*m + 1 + 3. Suppose 0 = -r - 4*r + 5*s + 175, 0 = -2*s. What is the greatest common divisor of r and f?
5
Let u(c) = c**3 - 9*c**2 + 9*c + 9. Let n be u(7). Let o = -2 - n. What is the highest common divisor of o and 6?
6
Let w(s) = s**2 - 5. Let q be w(-5). Calculate the greatest common divisor of q and 30.
10
Suppose 2*k - 8 = -0*k + 2*i, -5*i = -k + 12. Calculate the greatest common factor of 22 and k.
2
Let n = -8 - -32. Let b = -4 + n. Calculate the greatest common divisor of b and 5.
5
Suppose 0 = 4*w + 5*g - 15, -3*w + 15 = -w + 5*g. Let m = -2 - w. Let k be (-14)/(-2) + 1 + m. What is the greatest common divisor of 48 and k?
6
Suppose a - 320 = -3*a. Let p = -48 + a. Calculate the highest common divisor of p and 48.
16
Suppose -2*x = 4*i - 122, 5*x = 3*i - 75 - 36. What is the greatest common divisor of 8 and i?
8
Suppose 3*b + 2*m = -0*b - 6, -5*b = m + 3. Suppose 0 = a + 6 - b. Let l(x) = -3*x - 6. Let c be l(a). What is the highest common divisor of c and 12?
12
Let h(y) = -11*y + 30. Let t be h(-6). Calculate the greatest common factor of 12 and t.
12
Suppose -34*l = -38*l + 80. Suppose 0 = -4*a - 2*h + 168, -4*a - 2*h + 6*h + 144 = 0. Calculate the greatest common divisor of a and l.
20
Suppose 3*n = -17*w + 21*w - 49, 0 = 4*w + n - 37. Suppose -3*f + 36 = -84. Calculate the highest common divisor of w and f.
10
Suppose -4*d + 7 + 21 = 0. Let n be (-1 - (-2 - -4)) + 17. Calculate the greatest common factor of d and n.
7
Let y(o) = 16*o - 4. Let s be y(4). Suppose 6*n - n - s = 0. Suppose -z + 1 = -4*l + 7, -5*z - l = -n. What is the highest common divisor of 6 and z?
2
Let l = 8 - 9. Let o be ((-36)/(-15))/(l/(-15)). Calculate the greatest common divisor of 24 and o.
12
Let w be 0 + -2 - 2*-2. Suppose 0 = -w*y + 70 + 196. Calculate the greatest common factor of 19 and y.
19
Suppose -r = -3*j + 212, 6*r - 2*r - 232 = -3*j. Calculate the highest common divisor of 9 and j.
9
Let u(i) = -8*i + 10. Let m be u(5). Let g = -14 - m. Suppose 2*s = -2*s + 8. Calculate the highest common factor of g and s.
2
Suppose -2*b - w = -33, -b = -0*b + 4*w - 6. Calculate the highest common divisor of 2 and b.
2
Suppose -1 = -4*r + 11. Suppose 3*b + 4*w - 28 = 0, 0 = r*b + w - 4*w. Calculate the greatest common factor of b and 20.
4
Let s be 11/(-1)*(-17 + 3). What is the highest common factor of 14 and s?
14
Let v = -42 + -18. Let f = v + 151. Calculate the greatest common divisor of f and 13.
13
Let f = -19 - -24. What is the highest common factor of f and 5?
5
Let x(g) = 2*g**3 - 8*g**2 - 10*g + 1. Let s be x(7). Suppose -3*u + s = 2*u. Calculate the highest common divisor of 5 and u.
5
Suppose -5*y + 29 = 6*u - 5*u, -3*u - 4*y + 142 = 0. What is the greatest common divisor of 18 and u?
18
Let v(q) = 78*q**3 - 2*q**2 + q. Let f be v(1). Let i(z) = z**3 - 5*z**2 - 5*z - 6. Let u be i(6). Let a = u + 7. What is the highest common factor of a and f?
7
Suppose -2*l = -4*l + 48. Let y(x) = x**2 - 13*x + 16. Let n be y(13). What is the greatest common divisor of n and l?
8
Suppose 0*g - 4 = -2*g. What is the greatest common divisor of g and 1?
1
Let n be 1*-3*8/(-6). Suppose n*t + 42 = u - 102, 4*u + 2*t = 522. Calculate the greatest common divisor of 12 and u.
12
Let o = 25 + -15. Let m be 7/14 + (-196)/(-8). Calculate the highest common factor of o and m.
5
Let y be 21 + -17 - 1/(1/(-5)). Calculate the greatest common factor of y and 3.
3
Let l(v) = 20*v**3 - v**2 + v. Let b be l(1). Let h be (-6 - -11) + -7 + 32. Calculate the greatest common divisor of h and b.
10
Let k be 13*-6*3/(-6). What is the highest common divisor of k and 13?
13
Let i be (-8)/(-28) - (-38)/14. Suppose 1 = -3*p + 2*s - 9, 2*p + 10 = 2*s. Suppose p*m = -m + 9. Calculate the greatest common factor of i and m.
3
Let w(x) = 4*x**2 - 6*x + 7. Let r be w(3). Calculate the highest common divisor of 275 and r.
25
Let v(s) = s - 17. Let l be v(31). What is the greatest common divisor of 126 and l?
14
Suppose 5*i = 4*i + 4. Suppose 3*v = i*v - 22. What is the highest common factor of 22 and v?
22
Let p = 4 + 0. Suppose -3*x + 5*x - 4 = 2*g, 0 = 4*x + p*g - 16. What is the greatest common factor of x and 24?
3
Let u(g) be the third derivative of 3*g**5/20 - 7*g**4/24 + 2*g**3/3 - 9*g**2. Let a be u(4). Calculate the greatest common divisor of 48 and a.
24
Let m be 5/(14/(-16) + 1). Calculate the greatest common factor of m and 30.
10
Suppose p = -2*p - 87. Let i = p - -42. What is the greatest common divisor of i and 117?
13
Let y = 11 - 7. Let v(q) = q**2 + q. Let k be v(3). Let c be ((-1 - 0) + k)*y. Calculate the highest common divisor of c and 11.
11
Suppose -3*q + 8 = -7. Let p(c) = 2*c - 4. Suppose 4*h = 8*h - 12. Let a be p(h). What is the highest common factor of a and q?
1
Suppose -42*l = -43*l + 189. Let p be -3*3*14/(-6). What is the greatest common divisor of p and l?
21
Suppose -4*v + v + 12 = 0. Let y be (-3)/v*(-96)/6. Calculate the greatest common divisor of 3 and y.
3
Let f = 47 - 8. Calculate the greatest common factor of f and 3.
3
Let v(c) = -c**3 - 6*c**2 - 7*c - 10. Let k be v(-7). Calculate the greatest common factor of k and 8.
8
Let u(b) = b**2 + 10*b + 23. Let h be u(-9). Calculate the highest common divisor of 49 and h.
7
Let m = 200 + -57. Calculate the greatest common divisor of 11 and m.
11
Let g be 4 + 6/3 + -2. Let s(p) = -p**3 - 5*p**2 + 6*p - 5. Let z be s(-6). Let o = 11 - z. What is the greatest common divisor of g and o?
4
Suppose 5*v + 961 = 351. Let a be 2/6 - v/(-6). Let q = a - -42. Calculate the greatest common factor of q and 11.
11
Let w(l) = -6*l - 26. Let d be w(-6). What is the greatest common factor of 30 and d?
10
Let y = -34 - -56. Suppose -4*t + 17 = -2*t + 3*k, 0 = 2*t - 2*k + 8. Suppose -4*l - t = -9. Calculate the highest common divisor of y and l.
2
Let w(n) = n**2 + 10*n + 12. Let t be w(-8). Let l(q) = q**3 + 4*q**2 - q + 5. Let y be l(t). What is the greatest common factor of 27 and y?
9
Let t be 32/3 - (-4)/(-6). Suppose y - 38 = 52. Calculate the greatest common divisor of y and t.
10
Suppose -15 = -c - 2*c. Suppose 0 = -k - 3*d + 43 + 8, -5*k - c*d + 305 = 0. Let a = -38 + k. Calculate the highest common factor of a and 7.
7
Suppose -7*j + 120 = -2*j. What is the greatest common divisor of 16 and j?
8
Suppose 2*p + 49 = 3*p. Calculate the greatest common divisor of 7 and p.
7
Let v = -3 + 6. Let y be 84/3 - v/1. Calculate the highest common factor of 5 and y.
5
Let w be 10/(-25) + 216/(-10). Let z = w + 40. Let i be (z/(-4))/(1/(-2)). Calculate the greatest common divisor of 6 and i.
3
Let j(g) = -g**3 - 8*g**2 - 9*g. Let a be j(-8). Calculate the highest common factor of a and 9.
9
Let w be 48 + (-2 - -2)/3. Let l = -22 + 38. Calculate the highest common factor of w and l.
16
Suppose -6*h + 78 + 318 = 0. Let w be 0 + 1 - (-7 - -2). Calculate the greatest common divisor of w and h.
6
Suppose 3*f = -2*f. Suppose 0 = 5*g - f*g - 120. Calculate the greatest common divisor of g and 216.
24
Suppose -6*d + 11*d + 100 = 0. Let k = 84 + d. Let q be 2/(-3) - (-52)/6. Calculate the greatest common factor of q and k.
8
Let q(u) = -u**3 - 8*u**2 - 11*u - 8. Let a be q(-7). Suppose -3*k + a = 2*k. Calculate the highest common divisor of k and 24.
4
Let a = 15 + 1. Let o be 11/3 + a/48. What is the greatest common factor of 6 and o?
2
Let q be 2/4 + 284/8. Calculate the greatest common factor of 9 and q.
9
Let o(w) = w**2 - 16*w + 11. Let c be o(15). Let l(i) = -i**3 - 3*i**2 + 3*i + 1. Let n be l(c). What is the greatest common factor of 45 and n?
5
Let v(a) = a**2 - 3*a + 5. Let h be v(5). Calculate the highest common factor of h and 135.
15
Suppose -7*g + 201 + 177 = 0. What is the highest common divisor of g and 18?
18
Let z be -3*6/(-9) - 41. Let l be -1 + (46 + 0)/(-2). Let k = l - z. Calculate the highest common divisor of 5 and k.
5
Let a be ((-9)/12)/((-3)/12). Suppose -5*s = 3*b + 154, -b - 68 = 2*s - a*b. Let q = 54 + s. Calculate the greatest common divisor of q and 2.
2
Let t = -2 + -3. Let n(p) = p - 8. Let a(v) = 2*v - 7. Let m(i) = t*n(i) + 6*a(i). Let d be m(2). Calculate the greatest common factor of d and 120.
12
Suppose -u + 50 = 4*q, -4*u + 6 = -2. Calculate the highest common factor of 20 and q.
4
Suppose 0 = 